{"id":242,"date":"2014-05-17T13:13:47","date_gmt":"2014-05-17T13:13:47","guid":{"rendered":"http:\/\/demo.oxygentheme.com\/minimal\/demo-content\/?page_id=242"},"modified":"2023-01-20T16:01:36","modified_gmt":"2023-01-20T15:01:36","slug":"villkor","status":"publish","type":"page","link":"https:\/\/patricwilhelmsson.se\/shop\/villkor\/","title":{"rendered":"Villkor"},"content":{"rendered":"<p>[vc_row][vc_column][vc_column_text css=&#8221;.vc_custom_1523910842314{padding-top: 30px !important;padding-right: 30px !important;padding-bottom: 30px !important;padding-left: 30px !important;background-color: #ffffff !important;}&#8221;]L\u00e4s dessa Villkor noggrant.<\/p>\n<p>I dessa anv\u00e4ndarvillkor (&#8221;Villkor&#8221;) h\u00e4nvisas Patric Wilhelmsson Films till PWP. Villkoren g\u00e4ller n\u00e4r du best\u00e4ller p\u00e5 www.patricwilhelmsson.se.<\/p>\n<p>Dessa Anv\u00e4ndarvillkor \u00e4r till\u00e4mpliga p\u00e5 all f\u00f6rs\u00e4ljning via www.patricwilhelmsson.se.[\/vc_column_text][\/vc_column][\/vc_row][vc_row][vc_column][vc_tta_accordion][vc_tta_section title=&#8221;Intellektuell egendom&#8221; tab_id=&#8221;1523910459661-d3cdb3b6-7f8d&#8221;][vc_column_text]Webbplatsen, www.patricwilhelmsson.se och dess ursprungliga inneh\u00e5ll, funktioner och funktionalitet som namn, varum\u00e4rken, bilder, videoklipp, design, produkter, tj\u00e4nster \u00e4gs av Patric Wilhelmsson Films och skyddas av internationell upphovsr\u00e4tt, varum\u00e4rke, patent, aff\u00e4rshemlighet och annan immateriell \u00e4gander\u00e4tt eller propriet\u00e4r r\u00e4ttighet lagar.<\/p>\n<p>Inneh\u00e5llet kan inte anv\u00e4ndas eller kopieras utan uttryckligt tillst\u00e5nd fr\u00e5n Patric Wilhelmsson Films.[\/vc_column_text][\/vc_tta_section][vc_tta_section title=&#8221;Om oss&#8221; tab_id=&#8221;1523910945252-03df9857-8298&#8243;][vc_column_text]V\u00e5rt fullst\u00e4ndiga juridiska f\u00f6retagsnamn \u00e4r Wilhelmsson Film AB.<br \/>\nV\u00e4stergatan 35, 28537 Markaryd.<br \/>\nRegistreringsnummer i Sverige \u00e4r 559408-2405.<br \/>\ninfo@patricwilhelmsson.se<br \/>\nTelefonnummer \u00e4r 070 58 98 671.[\/vc_column_text][\/vc_tta_section][vc_tta_section title=&#8221;Tj\u00e4nster &amp; F\u00f6rs\u00e4ljning&#8221; tab_id=&#8221;1523911115347-ef8a73e1-aa3b&#8221;][vc_column_text]Vi erbjuder br\u00f6llopsfilmer, Printar och utbildning\/workshops.<br \/>\nBr\u00f6llopsfilmer tillsammans med &#8221;Till\u00e4gg&#8221; och &#8221;Utbildning&#8221; \u00e4r tj\u00e4nster som du kan boka via webshopen. Br\u00f6llopsfilmer tillsammans med &#8221;till\u00e4gg&#8221; debiteras 50% av den totala kostnaden f\u00f6r bokningen vid k\u00f6p \/ bokning. De andra 50% betalas 2 veckor f\u00f6re sj\u00e4lva br\u00f6llopsdagen. Ett kontrakt \u00e4r undertecknat online f\u00f6re bokningen \/ ink\u00f6pet.<br \/>\nUtskrifter g\u00f6rs vid k\u00f6p och vi har inga lager av utskrifter.<br \/>\nDu m\u00e5ste vara minst 18 \u00e5r gammal att best\u00e4lla via webbsidan. Vi f\u00f6rbeh\u00e5ller oss r\u00e4tten att v\u00e4gra eller \u00e4ndra din best\u00e4llning.<br \/>\nBest\u00e4llningar har r\u00e4tt att avbryta eller avslutas till den tidpunkt d\u00e5 PWP har skickat bekr\u00e4ftelse p\u00e5 ordern. Full \u00e5terbetalning kommer att utf\u00e4rdas om en produktorder har avbrutits.[\/vc_column_text][\/vc_tta_section][vc_tta_section title=&#8221;Integritetspolicy&#8221; tab_id=&#8221;1523911261086-57105a68-682a&#8221;][vc_column_text]Godk\u00e4nnande av villkoren \u00e4r ocks\u00e5 bekr\u00e4ftelsen p\u00e5 att v\u00e5r <a href=\"https:\/\/patricwilhelmsson.se\/shop\/cookie-policy\/\"><strong>cookiepolicy<\/strong><\/a>\u00a0 har f\u00f6rst\u00e5tts och detta \u00e4r \u00e4ven samtycke till villkoren som anges i v\u00e5r <strong><a href=\"https:\/\/patricwilhelmsson.se\/shop\/integritetspolicy\/\">integritetspolicy<\/a><\/strong>.[\/vc_column_text][\/vc_tta_section][vc_tta_section title=&#8221;Upps\u00e4gning&#8221; tab_id=&#8221;1523911330574-0bfe96bb-1207&#8243;][vc_column_text]Vi kan s\u00e4ga upp din \u00e5tkomst till webbplatsen och ditt konto utan orsak eller meddelande, vilket kan leda till f\u00f6rverkande och f\u00f6rst\u00f6relse av all information som \u00e4r associerad med dig. [\/vc_column_text][\/vc_tta_section][vc_tta_section title=&#8221;Priser &amp; betalning&#8221; tab_id=&#8221;1523910459650-5c1b07b5-5991&#8243;][vc_column_text]All produkt visas inklusive moms i EU-l\u00e4nder. I kassan kan du se totalpris inklusive skatter och frakt om n\u00e5gra.<br \/>\nVi erbjuder delbetalning, direktbetalning och faktura betalning via Payson f\u00f6r svenska kunder och \u00e4ven direkt bank\u00f6verf\u00f6ring.<\/p>\n<p><strong>Om PaysonFaktura<\/strong><\/p>\n<p>Vi erbjuder betals\u00e4ttet \u201dPaysonFaktura\u201d i samarbete med Payson AB.<br \/>\nBetalningsvillkor \u00e4r 14 dagar och vid fakturak\u00f6p tillkommer en avgift om 0 kr.<br \/>\nF\u00f6r att kunna best\u00e4lla mot faktura m\u00e5ste Du ha fyllt 18 \u00e5r och vara folkbokf\u00f6rd i Sverige samt godk\u00e4nnas i den kreditpr\u00f6vning som genomf\u00f6rs vid k\u00f6pet. Alternativt ett representera ett F\u00f6retag registrerat i Sverige samt godk\u00e4nnas i den kreditpr\u00f6vning som genomf\u00f6rs vid k\u00f6pet. Fakturan kommer att s\u00e4ndas separat med e-post till den e-postadress du anger vid k\u00f6ptillf\u00e4llet. Vid f\u00f6rsenad betalning skickas betalningsp\u00e5minnelse varvid lagstadgad p\u00e5minnelseavgift om f\u00f6r n\u00e4rvarande 60 kr tillkommer. Vi debiterar \u00e4ven dr\u00f6jsm\u00e5lsr\u00e4nta med 2 % per m\u00e5nad fr\u00e5n fakturans f\u00f6rfallodag. Vid utebliven betalning l\u00e4mnas \u00e4rendet till inkasso varvid lagstadgad inkassoavgift om f\u00f6r n\u00e4rvarande 180 kr tillkommer. Payson f\u00f6rbeh\u00e5ller sig r\u00e4tten att i enskilt fall neka leverans och ompr\u00f6va best\u00e4llarens kreditv\u00e4rdighet. Mer information och fullst\u00e4ndiga villkor finns h\u00e4r: https:\/\/www.payson.se\/sv\/anvandarvillkor\/<\/p>\n<p>Information om \u00e5ngerr\u00e4tt<\/p>\n<p>Enligt Distans- och hemf\u00f6rs\u00e4ljningslagen har Du som konsument (detta g\u00e4ller ej f\u00f6retag) r\u00e4tt att fr\u00e5ntr\u00e4da avtalet genom att meddela oss detta inom 14 dagar fr\u00e5n mottagandet av varan. F\u00f6r att Du skall kunna nyttja din \u00e5ngerr\u00e4tt m\u00e5ste Du returnera varan i oskadat skick, i originalf\u00f6rpackning. Vid nyttjande av \u00e5ngerr\u00e4tten \u00e4r det Du som st\u00e5r f\u00f6r returkostnaden.<\/p>\n<p>Information om pants\u00e4ttning<\/p>\n<p>Vid betalning med PaysonFaktura kommer fakturan att pants\u00e4ttas till Payson och d\u00e4refter till SVEA Ekonomi AB, 556489-2924.[\/vc_column_text][\/vc_tta_section][vc_tta_section title=&#8221;Leverans&#8221; tab_id=&#8221;1523911585471-43421d89-6008&#8243;][vc_column_text]Vi kommer att ordna att alla utskrifter ska levereras till adressen inom 5 arbetsdagar fr\u00e5n dagen f\u00f6r orderbekr\u00e4ftelsen.<br \/>\nF\u00f6r internationella leveranser \u00e4r vi inte ansvariga f\u00f6r lokala skatter och importtullar som kan g\u00e4lla.<br \/>\nLevererade produkter som inte h\u00e4mtas kommer att skickas tillbaka till PWP. I s\u00e5 fall debiteras k\u00f6pare alla kostnader som \u00e4r inblandade i leveransen av produkterna tillbaka till PWP.<br \/>\nF\u00f6r br\u00f6llopsfilm och till\u00e4ggsdetaljer ing\u00e5r i det totala paketet, tar leveransen 6-12 veckor beroende p\u00e5 s\u00e4song.[\/vc_column_text][\/vc_tta_section][vc_tta_section title=&#8221;Returer&#8221; tab_id=&#8221;1523911629720-19835acd-bf6c&#8221;][vc_column_text]Alla utskrifter g\u00f6rs vid k\u00f6p, vilket inneb\u00e4r att inga \u00e5terbetalningar kommer att accepteras s\u00e5vida inte produkten anses vara skadad eller defekt.<br \/>\nF\u00f6r skadade eller defekta produkter \u00e4r v\u00e5r avbokningsperiod 21 dagar. Om du vill avbryta ett k\u00f6p ska du f\u00f6re utg\u00e5ngen av upps\u00e4gningsperioden skicka ett tydligt meddelande tillsammans med bilder av den skadade eller defekta produkten till info@patricwilhelmsson.se<br \/>\nOm v\u00e5r returpolicy anses g\u00e4lla i s\u00e5dant fall, motsvarar dina \u00e5terbetalningar din ekonomiska \u00e5tagande f\u00f6r produkterna och leveranserna.<br \/>\nDet ekonomiska ansvaret f\u00f6r s\u00e5dan retur ligger hos kunden.[\/vc_column_text][\/vc_tta_section][vc_tta_section title=&#8221;Produkter p\u00e5 hemsidan&#8221; tab_id=&#8221;1523911854068-f7cfd9a2-f302&#8243;][vc_column_text]Vi har ingen ansvar vid produktens visuella eller textfelrepresentationer, t.ex. felaktig representation inom beskrivningar eller specifikationer, felaktiga priser eller om produkter s\u00e4ljs ut.<br \/>\nF\u00e4rger som representeras p\u00e5 webbsidan kan variera n\u00e5got fr\u00e5n den faktiska produkten p\u00e5 grund av kalibreringsskillnader mellan datorer.<br \/>\nOlika utskriftsstorlekar har olika dimensioner f\u00f6r besv\u00e4rjelse. Du \u00e4r ansvarig f\u00f6r valet av utskriftsstorlek och marginal (passepartout).<br \/>\nDen digitala grafiken p\u00e5 den h\u00e4r webbsidan \u00e4r kanske inte helt korrekt.[\/vc_column_text][\/vc_tta_section][vc_tta_section title=&#8221;Force Majeure&#8221; tab_id=&#8221;1523911936168-a80bed4b-c0c8&#8243;][vc_column_text]PWP ansvarar inte f\u00f6r fall som kan uppst\u00e5 som anses vara rimliga, vilket eventuellt kan leda till att produkter levereras utanf\u00f6r den angivna tidsramen. Det kan inneb\u00e4ra sv\u00e5righeter, som krig, upplopp, arbetskonflikter, br\u00e4nder, \u00f6versv\u00e4mningar, stormar, olyckor, str\u00f6mbrist, transportbrist och n\u00e5gon typ av avbrott.[\/vc_column_text][\/vc_tta_section][vc_tta_section title=&#8221;Ansvarsbegr\u00e4nsningar&#8221; tab_id=&#8221;1523912037293-91c2d337-5675&#8243;][vc_column_text]PWP uppr\u00e4tth\u00e5ller den sk\u00e4liga avsikt att visa produkter och format p\u00e5 webbsidan p\u00e5 ett tydligt s\u00e4tt, trots att allm\u00e4nt accepterade internetst\u00f6rningar kan uppst\u00e5 n\u00e4r som helst. Material och information som webbanv\u00e4ndaren presenterar p\u00e5 webbplatsen g\u00f6rs s\u00e5 med en f\u00f6rst\u00e5dd risk, och anv\u00e4ndarens handlingar innefattar ansvaret f\u00f6r dataf\u00f6rlust som kan uppst\u00e5. Alla f\u00f6rs\u00f6k att h\u00e5lla tillbaka leverans av produkter ligger i normerna f\u00f6r standardtj\u00e4nster som gjorts, och om ett leveransdatum inte uppfylls, har PWP ingen skyldighet att \u00e5terbetala en annullerad produkt. Eventuella konsekvenser som kan p\u00e5verka ekonomiska konsekvenser som f\u00f6ljd av leveranstidstider \u00e4r inte PWP: s ansvar.[\/vc_column_text][\/vc_tta_section][vc_tta_section title=&#8221;\u00c4ndringar i detta avtal&#8221; tab_id=&#8221;1523912172917-c126fca3-6590&#8243;][vc_column_text]Vi f\u00f6rbeh\u00e5ller oss r\u00e4tten att, efter eget gottfinnande, \u00e4ndra eller ers\u00e4tta dessa anv\u00e4ndarvillkor genom att l\u00e4gga upp de uppdaterade villkoren p\u00e5 webbplatsen. Din fortsatta anv\u00e4ndning av sajten efter s\u00e5dana \u00e4ndringar utg\u00f6r ditt godk\u00e4nnande av de nya villkoren.<\/p>\n<p>L\u00e4s igenom detta avtal regelbundet f\u00f6r \u00e4ndringar. Om du inte godk\u00e4nner n\u00e5got av detta avtal eller n\u00e5gra \u00e4ndringar i denna \u00f6verenskommelse, anv\u00e4nd inte webbplatsen eller avbryt anv\u00e4ndningen av webbplatsen omedelbart.[\/vc_column_text][\/vc_tta_section][\/vc_tta_accordion][\/vc_column][\/vc_row]<\/p>\n","protected":false},"excerpt":{"rendered":"<p>[vc_row][vc_column][vc_column_text css=&#8221;.vc_custom_1523910842314{padding-top: 30px !important;padding-right: 30px !important;padding-bottom: 30px !important;padding-left: 30px !important;background-color: #ffffff !important;}&#8221;]L\u00e4s dessa Villkor noggrant. I dessa anv\u00e4ndarvillkor (&#8221;Villkor&#8221;) h\u00e4nvisas Patric Wilhelmsson Films till PWP. Villkoren g\u00e4ller n\u00e4r du best\u00e4ller p\u00e5 www.patricwilhelmsson.se. Dessa Anv\u00e4ndarvillkor \u00e4r till\u00e4mpliga p\u00e5 all&hellip;<\/p>\n","protected":false},"author":1,"featured_media":0,"parent":0,"menu_order":0,"comment_status":"open","ping_status":"closed","template":"","meta":[],"acf":[],"yoast_head":"<!-- This site is optimized with the Yoast SEO plugin v19.13 - https:\/\/yoast.com\/wordpress\/plugins\/seo\/ -->\n<title>Villkor - patricwilhelmsson.se\/shop<\/title>\n<meta name=\"robots\" content=\"index, follow, max-snippet:-1, max-image-preview:large, max-video-preview:-1\" \/>\n<link rel=\"canonical\" href=\"https:\/\/patricwilhelmsson.se\/shop\/villkor\/\" \/>\n<meta property=\"og:locale\" content=\"sv_SE\" \/>\n<meta property=\"og:type\" content=\"article\" \/>\n<meta property=\"og:title\" content=\"Villkor - patricwilhelmsson.se\/shop\" \/>\n<meta property=\"og:description\" content=\"[vc_row][vc_column][vc_column_text css=&#8221;.vc_custom_1523910842314{padding-top: 30px !important;padding-right: 30px !important;padding-bottom: 30px !important;padding-left: 30px !important;background-color: #ffffff !important;}&#8221;]L\u00e4s dessa Villkor noggrant. I dessa anv\u00e4ndarvillkor (&#8221;Villkor&#8221;) h\u00e4nvisas Patric Wilhelmsson Films till PWP. Villkoren g\u00e4ller n\u00e4r du best\u00e4ller p\u00e5 www.patricwilhelmsson.se. Dessa Anv\u00e4ndarvillkor \u00e4r till\u00e4mpliga p\u00e5 all&hellip;\" \/>\n<meta property=\"og:url\" content=\"https:\/\/patricwilhelmsson.se\/shop\/villkor\/\" \/>\n<meta property=\"og:site_name\" content=\"patricwilhelmsson.se\/shop\" \/>\n<meta property=\"article:modified_time\" content=\"2023-01-20T15:01:36+00:00\" \/>\n<meta name=\"twitter:card\" content=\"summary_large_image\" \/>\n<meta name=\"twitter:label1\" content=\"Ber\u00e4knad l\u00e4stid\" \/>\n\t<meta name=\"twitter:data1\" content=\"5 minuter\" \/>\n<script type=\"application\/ld+json\" class=\"yoast-schema-graph\">{\"@context\":\"https:\/\/schema.org\",\"@graph\":[{\"@type\":\"WebPage\",\"@id\":\"https:\/\/patricwilhelmsson.se\/shop\/villkor\/\",\"url\":\"https:\/\/patricwilhelmsson.se\/shop\/villkor\/\",\"name\":\"Villkor - patricwilhelmsson.se\/shop\",\"isPartOf\":{\"@id\":\"https:\/\/patricwilhelmsson.se\/shop\/#website\"},\"datePublished\":\"2014-05-17T13:13:47+00:00\",\"dateModified\":\"2023-01-20T15:01:36+00:00\",\"breadcrumb\":{\"@id\":\"https:\/\/patricwilhelmsson.se\/shop\/villkor\/#breadcrumb\"},\"inLanguage\":\"sv-SE\",\"potentialAction\":[{\"@type\":\"ReadAction\",\"target\":[\"https:\/\/patricwilhelmsson.se\/shop\/villkor\/\"]}]},{\"@type\":\"BreadcrumbList\",\"@id\":\"https:\/\/patricwilhelmsson.se\/shop\/villkor\/#breadcrumb\",\"itemListElement\":[{\"@type\":\"ListItem\",\"position\":1,\"name\":\"Home\",\"item\":\"https:\/\/patricwilhelmsson.se\/shop\/\"},{\"@type\":\"ListItem\",\"position\":2,\"name\":\"Villkor\"}]},{\"@type\":\"WebSite\",\"@id\":\"https:\/\/patricwilhelmsson.se\/shop\/#website\",\"url\":\"https:\/\/patricwilhelmsson.se\/shop\/\",\"name\":\"patricwilhelmsson.se\/shop\",\"description\":\"Premium Weddingfilms\",\"publisher\":{\"@id\":\"https:\/\/patricwilhelmsson.se\/shop\/#organization\"},\"potentialAction\":[{\"@type\":\"SearchAction\",\"target\":{\"@type\":\"EntryPoint\",\"urlTemplate\":\"https:\/\/patricwilhelmsson.se\/shop\/?s={search_term_string}\"},\"query-input\":\"required name=search_term_string\"}],\"inLanguage\":\"sv-SE\"},{\"@type\":\"Organization\",\"@id\":\"https:\/\/patricwilhelmsson.se\/shop\/#organization\",\"name\":\"Patric Wilhelmsson Films\",\"url\":\"https:\/\/patricwilhelmsson.se\/shop\/\",\"logo\":{\"@type\":\"ImageObject\",\"inLanguage\":\"sv-SE\",\"@id\":\"https:\/\/patricwilhelmsson.se\/shop\/#\/schema\/logo\/image\/\",\"url\":\"https:\/\/patricwilhelmsson.se\/shop\/wp-content\/uploads\/2018\/02\/PWPFILMSNY18_vit.png\",\"contentUrl\":\"https:\/\/patricwilhelmsson.se\/shop\/wp-content\/uploads\/2018\/02\/PWPFILMSNY18_vit.png\",\"width\":1890,\"height\":1417,\"caption\":\"Patric Wilhelmsson Films\"},\"image\":{\"@id\":\"https:\/\/patricwilhelmsson.se\/shop\/#\/schema\/logo\/image\/\"}}]}<\/script>\n<!-- \/ Yoast SEO plugin. -->","yoast_head_json":{"title":"Villkor - patricwilhelmsson.se\/shop","robots":{"index":"index","follow":"follow","max-snippet":"max-snippet:-1","max-image-preview":"max-image-preview:large","max-video-preview":"max-video-preview:-1"},"canonical":"https:\/\/patricwilhelmsson.se\/shop\/villkor\/","og_locale":"sv_SE","og_type":"article","og_title":"Villkor - patricwilhelmsson.se\/shop","og_description":"[vc_row][vc_column][vc_column_text css=&#8221;.vc_custom_1523910842314{padding-top: 30px !important;padding-right: 30px !important;padding-bottom: 30px !important;padding-left: 30px !important;background-color: #ffffff !important;}&#8221;]L\u00e4s dessa Villkor noggrant. I dessa anv\u00e4ndarvillkor (&#8221;Villkor&#8221;) h\u00e4nvisas Patric Wilhelmsson Films till PWP. Villkoren g\u00e4ller n\u00e4r du best\u00e4ller p\u00e5 www.patricwilhelmsson.se. Dessa Anv\u00e4ndarvillkor \u00e4r till\u00e4mpliga p\u00e5 all&hellip;","og_url":"https:\/\/patricwilhelmsson.se\/shop\/villkor\/","og_site_name":"patricwilhelmsson.se\/shop","article_modified_time":"2023-01-20T15:01:36+00:00","twitter_card":"summary_large_image","twitter_misc":{"Ber\u00e4knad l\u00e4stid":"5 minuter"},"schema":{"@context":"https:\/\/schema.org","@graph":[{"@type":"WebPage","@id":"https:\/\/patricwilhelmsson.se\/shop\/villkor\/","url":"https:\/\/patricwilhelmsson.se\/shop\/villkor\/","name":"Villkor - patricwilhelmsson.se\/shop","isPartOf":{"@id":"https:\/\/patricwilhelmsson.se\/shop\/#website"},"datePublished":"2014-05-17T13:13:47+00:00","dateModified":"2023-01-20T15:01:36+00:00","breadcrumb":{"@id":"https:\/\/patricwilhelmsson.se\/shop\/villkor\/#breadcrumb"},"inLanguage":"sv-SE","potentialAction":[{"@type":"ReadAction","target":["https:\/\/patricwilhelmsson.se\/shop\/villkor\/"]}]},{"@type":"BreadcrumbList","@id":"https:\/\/patricwilhelmsson.se\/shop\/villkor\/#breadcrumb","itemListElement":[{"@type":"ListItem","position":1,"name":"Home","item":"https:\/\/patricwilhelmsson.se\/shop\/"},{"@type":"ListItem","position":2,"name":"Villkor"}]},{"@type":"WebSite","@id":"https:\/\/patricwilhelmsson.se\/shop\/#website","url":"https:\/\/patricwilhelmsson.se\/shop\/","name":"patricwilhelmsson.se\/shop","description":"Premium Weddingfilms","publisher":{"@id":"https:\/\/patricwilhelmsson.se\/shop\/#organization"},"potentialAction":[{"@type":"SearchAction","target":{"@type":"EntryPoint","urlTemplate":"https:\/\/patricwilhelmsson.se\/shop\/?s={search_term_string}"},"query-input":"required name=search_term_string"}],"inLanguage":"sv-SE"},{"@type":"Organization","@id":"https:\/\/patricwilhelmsson.se\/shop\/#organization","name":"Patric Wilhelmsson Films","url":"https:\/\/patricwilhelmsson.se\/shop\/","logo":{"@type":"ImageObject","inLanguage":"sv-SE","@id":"https:\/\/patricwilhelmsson.se\/shop\/#\/schema\/logo\/image\/","url":"https:\/\/patricwilhelmsson.se\/shop\/wp-content\/uploads\/2018\/02\/PWPFILMSNY18_vit.png","contentUrl":"https:\/\/patricwilhelmsson.se\/shop\/wp-content\/uploads\/2018\/02\/PWPFILMSNY18_vit.png","width":1890,"height":1417,"caption":"Patric Wilhelmsson Films"},"image":{"@id":"https:\/\/patricwilhelmsson.se\/shop\/#\/schema\/logo\/image\/"}}]}},"_links":{"self":[{"href":"https:\/\/patricwilhelmsson.se\/shop\/wp-json\/wp\/v2\/pages\/242"}],"collection":[{"href":"https:\/\/patricwilhelmsson.se\/shop\/wp-json\/wp\/v2\/pages"}],"about":[{"href":"https:\/\/patricwilhelmsson.se\/shop\/wp-json\/wp\/v2\/types\/page"}],"author":[{"embeddable":true,"href":"https:\/\/patricwilhelmsson.se\/shop\/wp-json\/wp\/v2\/users\/1"}],"replies":[{"embeddable":true,"href":"https:\/\/patricwilhelmsson.se\/shop\/wp-json\/wp\/v2\/comments?post=242"}],"version-history":[{"count":10,"href":"https:\/\/patricwilhelmsson.se\/shop\/wp-json\/wp\/v2\/pages\/242\/revisions"}],"predecessor-version":[{"id":4239,"href":"https:\/\/patricwilhelmsson.se\/shop\/wp-json\/wp\/v2\/pages\/242\/revisions\/4239"}],"wp:attachment":[{"href":"https:\/\/patricwilhelmsson.se\/shop\/wp-json\/wp\/v2\/media?parent=242"}],"curies":[{"name":"wp","href":"https:\/\/api.w.org\/{rel}","templated":true}]}}